6 + 15 + -14
1
Calculate 11 + -1 - (30 + (-15 - -5)).
-10
7 - 2 - (-6 - -4 - (-7 + 0))
0
Calculate -7 - (29 - 31 - (1 - 9)) - 5.
-18
Calculate 8 + 9 + (5 - 14) + (-11 - -22).
19
What is the value of 18 - (9 + 25) - -6?
-10
What is the value of 0 + -3 - (-136 - -139)?
-6
What is the value of -240 + 204 + (0 - -9)?
-27
39 + 3 + -340 + 332
34
Evaluate 2 + -11 + -10 + 13.
-6
What is -384 + 387 + -3 + 4 + 22?
26
What is the value of 13 + 4 + 162 + -178?
1
Evaluate -2 + (5 - -2 - 5) - (-9 - 1).
10
Evaluate -8 - 0 - (-1 - -3 - 23 - 4).
17
-1 + -28 + (-9 - (-5 + 0 - 4))
-29
Evaluate (-8 - (-2 - 1 - -5)) + 3.
-7
Calculate 0 + 7 + -12 + -4 - (6 - 30).
15
What is 1 + (0 - 8 - (-8 - -1))?
0
-12 + (-15 - (6 + 7 + -46))
6
Evaluate 0 - (48 - 58 - (1 - 7)).
4
Evaluate 22 - (9 - (-8 - -1)).
6
Calculate (-10 - 1 - -6) + 6 + 4.
5
Calculate -6 + (-1 + -6 + 11 - (2 - -1)).
-5
What is the value of 3 + (17 - -2) + 7 + -17?
12
-6 + 5 + -10 + 10 + -7 + 0
-8
What is 9 - (10 + -12 + 9)?
2
Calculate 5 + (-17 + 19 - (14 + 0)) + 0.
-7
Calculate 8 + (-12 - -18) - -10 - 5.
19
What is the value of -32 + 21 - (-2 + -15)?
6
Calculate 12 + (9 - 53 - -17).
-15
Calculate -2 + ((-3 - -11) + 0 - -12 - 1).
17
What is the value of 10 + (-8 - 5 - -10)?
7
What is (62 + -66 - (-27 + 1) - -1) + 3?
26
What is (-5 - (7 + 13 + -26)) + 2?
3
Calculate 11 + (13 - 4) + -22.
-2
Evaluate (5 - 1 - 4 - (-22 - -21)) + 5.
6
Evaluate (0 - 16) + (4 - (-6 + -5)).
-1
Evaluate 26 - 20 - (-4 + -2).
12
Evaluate 6 + 6 + 0 + -26.
-14
(-3 + -17 - (-14 + -2)) + (-8 - 1)
-13
What is the value of (-123 - -123) + (17 - 1)?
16
What is 0 - (4 + -3) - (9 - (9 - 17))?
-18
What is the value of -17 + 5 + 8 - -21?
17
Evaluate 22 - (-1 - (-4 - 1)) - 8 - 8.
2
Calculate 3 + (14 - 13) + 0 + (-8 - -5).
1
What is the value of 1 + (6 - 3) - (-1 - -7 - -19)?
-21
What is the value of 49 - (27 - (-52 + 37))?
7
Evaluate 17 + -3 + 5 + (-7 - 10).
2
Calculate 21 - (22 - (14 + 15 + -15)).
13
Calculate (-8 - -13) + -10 + (4 - -7).
6
What is the value of 3 - (12 + 10 + -7)?
-12
(-26 + 40 + 3 + 0 - -6) + 2
25
What is the value of 46 - (10 + 3 + 24)?
9
Evaluate -13 + (13 - 8 - (-3 + 4 - -5)).
-14
Evaluate (-35 - -1) + -3 + (7 + -4 - -5).
-29
-19 - (-2 + 3 + 0 + 1 + -7)
-14
Evaluate 50 + -24 + -26 - 27.
-27
Evaluate -19 + 4 + 16 + -23.
-22
Evaluate (-7 - 1 - 0) + (608 - 623).
-23
-31 + (39 - 14) + 31
25
Calculate (51 - -1) + (-36 - -8).
24
Calculate 36 + -40 + (-3 - 4).
-11
Evaluate (3 - (3 - -6)) + 7 - 9.
-8
What is the value of 2 + 11 - -2 - (-128 + 28 - -108)?
7
Evaluate (37 - (0 - 1)) + -29 + -21 + 43.
31
Calculate (6 - 13) + (10 + -6 - -1) - 2.
-4
44 - 47 - (9 - 2)
-10
Evaluate -1 + -18 - (-159 + 148).
-8
What is 1 - 4 - (-486 + 500)?
-17
(7 - -11) + -3 - 22
-7
Evaluate 28 - 19 - (3 + -3 + (5 - -1)).
3
Evaluate 7 + (4 - (11 + -8) - -2) + 6.
16
Evaluate -3 + (-6 - (-1 + -1)) - (1 + -5).
-3
-19 + (5 - (5 + -42))
23
20 - (3 + 15 - 7)
9
-8 - -34 - (-2 + 7 + -7 + 4)
24
What is -12 + 6 - (3 + -4 - 7)?
2
What is -31 - (-23 - (-43 - -41))?
-10
Evaluate (-8 - -8 - -3) + -4 + -21 - -3.
-19
What is 14 + -49 + 26 + -3?
-12
What is the value of (-4 - (9 + -6) - -10) + 5 + -7?
1
What is 1 - (-2 - (9 + -2)) - 2?
8
What is the value of 1 - (14 - (10 - 4))?
-7
Evaluate 91 + -108 + (13 - 1).
-5
Evaluate 17 - (8 + 5) - (-3 - -3).
4
(186 - 191) + (-12 - -2)
-15
Evaluate 60 - (37 + -12) - 24.
11
-11 + (2 - -17) + 5
13
-84 - -65 - (-16 + -2)
-1
Evaluate 3 - (0 + -8 + -93 + 114).
-10
Evaluate 1 + -5 + (7 - 0) + 3 + -20.
-14
What is the value of (1 - (4 + -9)) + -3 + 2?
5
What is (-8 - 17) + (12 - 7) - -8?
-12
Evaluate 14 + (-13 - 13) + 2 + 2.
-8
Calculate -6 - -6 - -7 - (-2 + 26).
-17
Evaluate -37 + 44 + 59 + -28.
38
44 + -1 + (-45 + 8 - -24)
30
(12 - (25 + -14)) + 1
2
What is -3 - -1 - -13 - (2 - -4)?
5
What is 23 + (-34 - -24) - 12?
1
What is (1 - 48) + 84 + -57 + -13?
-33
What is the value of -5 - (19 + (-21 - -10 - -11) + -8)?
-16
-34 + 46 + -14 - -21
19
Evaluate 65 - 0 - (-295 - -321).
39
What is 13 - (-8 + (52 - (11 - 3)))?
-23
What is the value of (-43 - 3) + 28 + 0?
-18
-1 - -13 - (-1 + 109 + -104)
8
0 + 7 + -5 + 8 + (13 - 6)
17
Evaluate 27 + -46 - -27 - 27.
-19
23 + (-6 - -20) + -13
24
Calculate 23 + 11 - (24 + -10).
20
What is the value of 1 - 5 - -7 - (-9 - -1)?
11
8 + (-14 - -10 - 2 - 12)
-10
What is the value of 134 + -137 - (1 + -19) - (-2 - -1)?
16
Calculate -17 + (-42 + 27 - -37).
5
Calculate -6 - -16 - (2 + -5 - -2).
11
Calculate -13 - (6 + 1 + (-1 - (-4 + 12))).
-11
Calculate 14 + 1 - (-31 - -69 - -5).
-28
What is the value of -3 + 10 + (0 - (23 + -11) - -36)?
31
What is the value of -13 + 5 + 9 - -22 - 2?
21
What is (4 + -4 + 4 - 44) + 6?
-34
Evaluate -23 - (-11 + -14 + 12).
-10
What is the value of (-1 - 2 - -3) + (-25 - 5) + 1?
-29
What is the value of -17 - (2 + 26 - 26)?
-19
What is -20 - (-10 + 3 + (-12 - -11))?
-12
What is the value of -20 + 3 - (-6 - (7 + -9))?
-13
Calculate 6 + -7 + 3 - (-7 - 17).
26
Calculate (9 - ((-1 - -2) + 1)) + -3.
4
18 + -3 + (-14 - -10) + -4
7
Calculate (7 - 13) + -7 - 0.
-13
-7 + (-12 - (-8 + -2))
-9
What is the value of 7 - (10 + 4) - 11?
-18
Evaluate 0 + 20 + 1 - (30 + 7 - 29).
13
Evaluate (0 - 17) + -44 + 76.
15
(-16 - -8) + 28 + -8 + -1
11
Calculate (-15 - -2) + 9 + (-9 - 3).
-16
(-9 - (-15 - -17)) + 25
14
(1 + 2 - (3 + 5 - 10)) + 2
7
Evaluate 4 + -1 + -11 + (10 - (-3 + 1)).
4
What is the value of (-5 - (58 - 58)) + (-7 - 1)?
-13
What is -8 + (6 + (-4 - -6) - 8)?
-8
What is the value of 4 + 3 + 2 + -2 + 8 + -10?
5
What is the value of -3 + (-20 - (9 - 16))?
-16
-4 + 33 - ((135 - 128) + -2 + -13)
37
What is (2 - 9 - 2) + -9?
-18
-19 - -16 - (53 - 58 - (-7 + 1))
-4
12 + 3 - (-106 + 104)
17
What is -128 - -113 - (-6 - 0) - (1 + -12)?
2
Calculate (2 - -7) + (-2 - (11 - 6)) + 4.
6
What is the value of -2 + (-2 - -2 - 2) + 78 + -83?
-9
8 + (-1 + 2 - -2 - -6)
17
Calculate (-24 - 7) + 6 + 3.
-22
What is the value of -7 - (0 + (-4 - (-10 + 5)) + -19)?
11
Evaluate 55 - (108 - 57) - (-2 + 7 + 0).
-1
Calculate -11 - (-3 - (23 + -14)).
1
What is -3 - 23 - (-4 - (-11 - -6 - -1))?
-26
Calculate ((6 - 20) + 4 - -15) + -8.
-3
Evaluate 10 - (13 - (46 - 20)).
23
Evaluate 12 + (8 - 32) - -7.
-5
What is (17 - -6) + -34 + -8?
-19
-2 + -47 + (18 - -4)
-27
What is 1 - (6 - (1 - 3) - 0)?
-7
What is -22 + 35 + -6 + 2?
9
Evaluate 16 + (-13 - 2) + -4 + 21 + 0.
18
Evaluate -6 + (-4 - -20) + -5.
5
Calculate 3 + 1 - (15 + -2) - (57 - 88).
22
Evaluate -17 + 5 + 2 + (15 - 2).
3
Evaluate (12 - 9) + 5 + -4 + 3.
7
What is the value of 38 + -3 + (37 - 52)?
20
-2 + 15 - (5 + -1 + 25)
-16
What is the value of -6 + 5 + -2 + -4 + 9 + 1?
3
Calculate (-2 - 3) + (-5 - 3 - (1 + -5)).
-9
What is -9 + -13 + 15 + -7 + 26?
12
What is 7 + 5 + 13 + -14 + -5?
6
What is -10 - (-4 + 23 + -14)?
-15
Evaluate -1 + -2 + (-13 - -32) - (-16 - -24).
8
What is (-17 - (28 + -53) - (-1 - -8)) + 14?
15
Calculate -13 + (-9 - (-34 + 24)).
-12
Calculate (19 - 1) + -182 + 175.
11
What is -3 + (-13 - -13) - 18?
-21
What is the value of -1 + -2 + 10 + -7 + -12?
-12
11 + (12 - 13) + -14 + 5
1
Evaluate 5 - ((-27 - -10) + 7).
15
13 + (-4 - -7 - 14)
2
What is 2 - (5 + 28 + -12 + -2)?
-17
What is (357 - 350) + (2 + -1 - (-1 + -3))?
12
Evaluate -14 - (8 - 29 - -6).
1
What is 22 + 10 - (39 + -12)?
5
Calculate 3 + -28 - -27 - -28.
30
What is 0 + 1 + 4 + -1 + -496 + 495?
3
What is the value of 43 + 2 - (617 + -598)?
26
Calculate (2 - -4) + -14 + 5 + 3.
0
What is -17 + 6 + (-31 - -26)?
-16
14 + (-6 - 16) + 17
9
What is (4 - 1) + 36 + -45 - (-5 + 0)?
-1
(-2 + -20 - -10) + 31
19
(10 - (9 + (-38 - -15))) + -10
14
What is the value of 16 + (21 - (65 + -14))?
-14
What is the value of -29 + 61 + 19 + -28?
23
Evaluate (-2 - (-13 - -9)) + 13 - 8.
7
15 - (13 + 9 - 14)
7
What is -30 - (-1 - (2 + 20))?
-7
Calculate (-81 - -87) + 5 + -1.
10
(7 - -7 - 4) + -14
-4
Calculate 9 + -7 - -4 - 12 - (3 - -1).
-10
Calculate 14 - (2 + 2 - (-27 - -33)).
16
Evaluate 6 + 4 + (-73 - -97 - (-1 + 4)).
31
Evaluate -3 + (5 - (4 - -10)).
-12
What is (-3 - -4) + 3 - (33 + -16)?
-13
Evaluate 3 + 1 + -2 - (16 + -8 + 0).
-6
Evaluate -2 + 7 + -3 + (-3 - -1) + -10.
-10
What is the value of -21 - -6 - -11 - 0?
-4
Evaluate (-10 - -15 - 9) + 2.
-2
What is the value of 18 + 30 + -16 - 18?
14
Calculate 1 - (3 + -14 + 16